{"id":689,"date":"2017-10-07T14:51:09","date_gmt":"2017-10-07T12:51:09","guid":{"rendered":"http:\/\/tjkostelec.cz\/?page_id=689"},"modified":"2023-08-22T21:40:55","modified_gmt":"2023-08-22T19:40:55","slug":"ke-stazeni-2","status":"publish","type":"page","link":"http:\/\/tjkostelec.cz\/?page_id=689","title":{"rendered":"Dokumenty"},"content":{"rendered":"<p><a href=\"https:\/\/www.pingpong.cz\/911.htm#pravidla\">Pravidla stoln\u00edho tenisu<\/a> <img loading=\"lazy\" decoding=\"async\" class=\"alignnone wp-image-838\" src=\"http:\/\/tjkostelec.cz\/wp-content\/uploads\/2017\/10\/new-icon-1-300x158.png\" alt=\"\" width=\"42\" height=\"22\" srcset=\"http:\/\/tjkostelec.cz\/wp-content\/uploads\/2017\/10\/new-icon-1.png 300w, http:\/\/tjkostelec.cz\/wp-content\/uploads\/2017\/10\/new-icon-1-128x67.png 128w, http:\/\/tjkostelec.cz\/wp-content\/uploads\/2017\/10\/new-icon-1-32x17.png 32w\" sizes=\"auto, (max-width: 42px) 100vw, 42px\" \/><\/p>\n<p><a href=\"http:\/\/tjkostelec.cz\/wp-content\/uploads\/2017\/08\/soutezni_rad_2016.pdf\">soutezni_rad_2016<\/a><\/p>\n<p><a href=\"http:\/\/tjkostelec.cz\/wp-content\/uploads\/2017\/10\/Vzor-vypln\u011bn\u00ed-z\u00e1pisu-o-utk\u00e1n\u00ed-\u010cAST_new.pdf\">Z\u00e1pis o utk\u00e1n\u00ed<\/a><\/p>\n<p><a href=\"http:\/\/tjkostelec.cz\/wp-content\/uploads\/2017\/08\/soutezni_rad_2016.pdf\">Sout\u011b\u017en\u00ed \u0159\u00e1d stoln\u00edho tenisu<\/a><\/p>\n<p><a href=\"http:\/\/tjkostelec.cz\/?page_id=79\">P\u0159ihl\u00e1\u0161ka do odd\u00edlu<\/a><\/p>\n<p><a href=\"http:\/\/tjkostelec.cz\/wp-content\/uploads\/2017\/09\/TRENINKY.pdf\">N\u00e1vod na p\u0159ihl\u00e1\u0161en\u00ed na tr\u00e9ninky<\/a><\/p>\n<p><a href=\"http:\/\/tjkostelec.cz\/wp-content\/uploads\/2017\/10\/CestovniPrikaz.xls\">Cestovn\u00ed p\u0159\u00edkaz + VZOR<\/a><\/p>\n<p><a href=\"https:\/\/www.elost.cz\/\">\u017deb\u0159\u00ed\u010dek EloST<\/a><\/p>\n","protected":false},"excerpt":{"rendered":"<p>Pravidla stoln\u00edho tenisu soutezni_rad_2016 Z\u00e1pis o utk\u00e1n\u00ed Sout\u011b\u017en\u00ed \u0159\u00e1d stoln\u00edho tenisu P\u0159ihl\u00e1\u0161ka do odd\u00edlu N\u00e1vod na p\u0159ihl\u00e1\u0161en\u00ed na tr\u00e9ninky Cestovn\u00ed p\u0159\u00edkaz + VZOR \u017deb\u0159\u00ed\u010dek EloST<\/p>\n","protected":false},"author":1,"featured_media":0,"parent":77,"menu_order":1,"comment_status":"closed","ping_status":"closed","template":"template-homepage.php","meta":{"footnotes":""},"class_list":["post-689","page","type-page","status-publish","hentry"],"_links":{"self":[{"href":"http:\/\/tjkostelec.cz\/index.php?rest_route=\/wp\/v2\/pages\/689","targetHints":{"allow":["GET"]}}],"collection":[{"href":"http:\/\/tjkostelec.cz\/index.php?rest_route=\/wp\/v2\/pages"}],"about":[{"href":"http:\/\/tjkostelec.cz\/index.php?rest_route=\/wp\/v2\/types\/page"}],"author":[{"embeddable":true,"href":"http:\/\/tjkostelec.cz\/index.php?rest_route=\/wp\/v2\/users\/1"}],"replies":[{"embeddable":true,"href":"http:\/\/tjkostelec.cz\/index.php?rest_route=%2Fwp%2Fv2%2Fcomments&post=689"}],"version-history":[{"count":15,"href":"http:\/\/tjkostelec.cz\/index.php?rest_route=\/wp\/v2\/pages\/689\/revisions"}],"predecessor-version":[{"id":4134,"href":"http:\/\/tjkostelec.cz\/index.php?rest_route=\/wp\/v2\/pages\/689\/revisions\/4134"}],"up":[{"embeddable":true,"href":"http:\/\/tjkostelec.cz\/index.php?rest_route=\/wp\/v2\/pages\/77"}],"wp:attachment":[{"href":"http:\/\/tjkostelec.cz\/index.php?rest_route=%2Fwp%2Fv2%2Fmedia&parent=689"}],"curies":[{"name":"wp","href":"https:\/\/api.w.org\/{rel}","templated":true}]}}